{"id":52,"date":"2024-10-20T23:49:00","date_gmt":"2024-10-20T20:49:00","guid":{"rendered":"http:\/\/altinkayateknikelektrik.com.tr\/?page_id=52"},"modified":"2024-10-20T23:49:33","modified_gmt":"2024-10-20T20:49:33","slug":"fabrika-elektrik-tesisat","status":"publish","type":"page","link":"https:\/\/altinkayateknikelektrik.com.tr\/index.php\/fabrika-elektrik-tesisat\/","title":{"rendered":"Fabrika Elektrik Tesisat"},"content":{"rendered":"<div class=\"row\"  id=\"row-486945670\">\n\n\n\t<div id=\"col-1182941017\" class=\"col medium-6 small-12 large-6\"  >\n\t\t\t\t<div class=\"col-inner\"  >\n\t\t\t\n\t\t\t\n\n\t<div class=\"img has-hover x md-x lg-x y md-y lg-y\" id=\"image_861122258\">\n\t\t\t\t\t\t\t\t<div class=\"img-inner dark\" >\n\t\t\t<img loading=\"lazy\" decoding=\"async\" width=\"600\" height=\"400\" src=\"https:\/\/altinkayateknikelektrik.com.tr\/wp-content\/uploads\/2024\/10\/Adsiz-tasarim-8.png\" class=\"attachment-large size-large\" alt=\"\" srcset=\"https:\/\/altinkayateknikelektrik.com.tr\/wp-content\/uploads\/2024\/10\/Adsiz-tasarim-8.png 600w, https:\/\/altinkayateknikelektrik.com.tr\/wp-content\/uploads\/2024\/10\/Adsiz-tasarim-8-300x200.png 300w\" sizes=\"auto, (max-width: 600px) 100vw, 600px\" \/>\t\t\t\t\t\t\n\t\t\t\t\t<\/div>\n\t\t\t\t\t\t\t\t\n<style>\n#image_861122258 {\n  width: 100%;\n}\n<\/style>\n\t<\/div>\n\t\n\n\n\t\t<\/div>\n\t\t\t\t\t<\/div>\n\n\t\n\n\t<div id=\"col-762638881\" class=\"col medium-6 small-12 large-6\"  >\n\t\t\t\t<div class=\"col-inner\"  >\n\t\t\t\n\t\t\t\n\n<p data-sourcepos=\"13:1-13:87\"><strong>Fabrika elektrik sistemlerinizin verimlili\u011fini art\u0131r\u0131n, i\u015f s\u00fcreklili\u011finizi koruyun!<\/strong><\/p>\n<ul data-sourcepos=\"15:1-20:0\">\n<li data-sourcepos=\"15:1-15:78\"><strong>Yeni tesisat kurulumu:<\/strong> Modern ve g\u00fcvenli elektrik tesisatlar\u0131 kuruyoruz.<\/li>\n<li data-sourcepos=\"16:1-16:91\"><strong>Bak\u0131m ve onar\u0131m:<\/strong> Periyodik bak\u0131mlar ile ar\u0131zalar\u0131 \u00f6nl\u00fcyor, tesisat \u00f6mr\u00fcn\u00fc uzat\u0131yoruz.<\/li>\n<li data-sourcepos=\"17:1-17:89\"><strong>Ar\u0131za giderme:<\/strong> 7\/24 kesintisiz hizmet ile ar\u0131zalar\u0131n\u0131z\u0131 en k\u0131sa s\u00fcrede gideriyoruz.<\/li>\n<li data-sourcepos=\"18:1-18:67\"><strong>Otomasyon sistemleri:<\/strong> \u00dcretim s\u00fcre\u00e7lerinizi optimize ediyoruz.<\/li>\n<li data-sourcepos=\"19:1-20:0\"><strong>G\u00fc\u00e7 analizi:<\/strong> Enerji verimlili\u011finizi art\u0131rmak i\u00e7in detayl\u0131 analizler yap\u0131yoruz.<\/li>\n<\/ul>\n\n\t\t<\/div>\n\t\t\t\t\t<\/div>\n\n\t\n\n<\/div>","protected":false},"excerpt":{"rendered":"","protected":false},"author":1,"featured_media":0,"parent":0,"menu_order":0,"comment_status":"closed","ping_status":"closed","template":"","meta":{"footnotes":""},"class_list":["post-52","page","type-page","status-publish","hentry"],"_links":{"self":[{"href":"https:\/\/altinkayateknikelektrik.com.tr\/index.php\/wp-json\/wp\/v2\/pages\/52","targetHints":{"allow":["GET"]}}],"collection":[{"href":"https:\/\/altinkayateknikelektrik.com.tr\/index.php\/wp-json\/wp\/v2\/pages"}],"about":[{"href":"https:\/\/altinkayateknikelektrik.com.tr\/index.php\/wp-json\/wp\/v2\/types\/page"}],"author":[{"embeddable":true,"href":"https:\/\/altinkayateknikelektrik.com.tr\/index.php\/wp-json\/wp\/v2\/users\/1"}],"replies":[{"embeddable":true,"href":"https:\/\/altinkayateknikelektrik.com.tr\/index.php\/wp-json\/wp\/v2\/comments?post=52"}],"version-history":[{"count":3,"href":"https:\/\/altinkayateknikelektrik.com.tr\/index.php\/wp-json\/wp\/v2\/pages\/52\/revisions"}],"predecessor-version":[{"id":55,"href":"https:\/\/altinkayateknikelektrik.com.tr\/index.php\/wp-json\/wp\/v2\/pages\/52\/revisions\/55"}],"wp:attachment":[{"href":"https:\/\/altinkayateknikelektrik.com.tr\/index.php\/wp-json\/wp\/v2\/media?parent=52"}],"curies":[{"name":"wp","href":"https:\/\/api.w.org\/{rel}","templated":true}]}}